m**6 + 0 + 7*m**2 + 1/8*m**4 - 5/6*m**3 + 0*m + 7/60*m**5. Calculate o(-6).
13
Let h(k) = -k**2 - 4*k - 3. Suppose 3*t + 0*t = -x - 11, t + 2 = -2*x. What is h(t)?
-3
Let u = 1 - -1. Let h(j) = 3*j**3 - 2*j**u + 0*j**2 - 4*j**3 + 4*j**2 + 2*j - 2. Calculate h(3).
-5
Let a(i) = i**2 - 2*i - 2. Let b(q) = -2*q - 2. Let k be b(-3). Give a(k).
6
Let x(s) = -s - 1. Let h(u) = 2*u - 2. Let t(l) = -h(l) + 2*x(l). Give t(-1).
4
Suppose -2*h + h = -2. Suppose 5*b + h*j + 15 = 0, 4*b - 12 = 8*b + 4*j. Let d(g) = -4*g + 4. Let c(i) = i - 1. Let z(l) = -6*c(l) - d(l). Determine z(b).
8
Suppose -93*j + 88*j - 20 = 0. Let k(a) = a**3 + 4*a**2 + a + 2. Give k(j).
-2
Let x(d) = d**2 + 7*d + 9. Let f(m) = m - 12. Let k be f(6). What is x(k)?
3
Let v be 2/(-5) + 2/5. Suppose v = -p - 3*u + 15, -5*p + 6*u = 2*u + 1. Let q(n) be the second derivative of -n**4/12 + n**3/3 - n**2 - 3*n. Calculate q(p).
-5
Let j(g) = g**3 + 5*g**2 + 5*g - 4. Suppose 0 = 4*q + 3*p - 37, -4*q + p + 31 = 2*p. Suppose 0*n - n = 1. Let w be q/(-2) - n/(-2). Calculate j(w).
-8
Suppose 9 = j + 2*z + z, -2*z = 2*j + 2. Let n be -6*3/j - 7. Let u(d) = d - 3. Calculate u(n).
-7
Suppose -i - 11 = -3*w, 0 = -3*i - 7 - 8. Let v(r) = r**3 - r - 1. Let l be v(w). Suppose 6 - 26 = l*z. Let j(k) = k**3 + 5*k**2 + 4*k + 1. Give j(z).
1
Suppose 3*n = b + 16, 0 = -0*n + 5*n + 4*b - 55. Suppose n*x = 2*x + 5. Let c(f) = 0*f**2 - f**2 + 5*f**3 + 2*f**2. Calculate c(x).
6
Let y = 16 - 9. Let d(t) = -2*t**2 + 3*t + 4. Let k(w) = -3 - 4 - w + 1 - 3*w + 3*w**2. Let l(i) = y*d(i) + 5*k(i). Calculate l(-2).
0
Let v(t) = 0 - 2*t - 3 - 9*t. Let m(c) = 15*c + 14*c + 8 + c + 2*c. Let q(f) = -6*m(f) - 17*v(f). What is q(2)?
-7
Let y(a) = -a**3 - 4*a**2 - 2*a + 5. Let s be y(-3). Let b(r) = 8*r + 2. What is b(s)?
18
Let j(u) be the second derivative of -4*u**3/3 + u**2/2 + 6*u. Calculate j(1).
-7
Let n(d) = 2*d - 11. Let m(l) = -6*l + 33. Let o(i) = 3*m(i) + 8*n(i). Give o(8).
-5
Suppose -8*s + 0 + 32 = 0. Let p(k) = 4*k - 3. Give p(s).
13
Let k(f) be the second derivative of -f**6/120 + f**5/12 - f**4/24 + 2*f**3/3 - f**2/2 - 4*f. Let d(a) be the first derivative of k(a). Calculate d(5).
-1
Let v(p) = p**3 + 7*p**2 + 9*p + 2. Suppose -4*c = -0*c + 24. What is v(c)?
-16
Let q(g) = 2*g - 15*g**3 + 14*g**3 - g + 5 - 6*g**2. What is q(-6)?
-1
Let c be (2/4)/(2/4). Let k be 120/25 - c/(-5). Let j(f) = -k + 5*f - 5*f + 2*f. Give j(5).
5
Let s(f) = -f**2 + 58 - f - 58. What is s(-3)?
-6
Let n be (4/6)/(3/9). Let x be -1*1*n*2. Let z(q) = -2*q**2 - 1. Let k(a) = -3*a**2 + 5*a + 1. Let t(d) = -k(d) + 2*z(d). Determine t(x).
1
Let s be 5/(-1) + 2 + 2. Let y(v) = 4*v**2 + 0*v + v**2 - v. Calculate y(s).
6
Let r = 18 + -13. Let l(f) = -f**2 + 7*f - 4. What is l(r)?
6
Suppose 5*n - 30 - 95 = 0. Let j be 2/(-8) + n/4. Suppose 14 - j = -2*z. Let s(a) = -a + 3. Give s(z).
7
Let i(o) = -15*o**2 + o + 12. Let c(l) = -7*l**2 + l + 6. Let f(h) = -13*c(h) + 6*i(h). Suppose -17 = -7*w + 25. Determine f(w).
-12
Let y = -140 - -139. Let f(u) be the second derivative of -7*u**4/6 + u**2/2 - 2*u. Give f(y).
-13
Let y(j) = j**2 - j. Suppose 4 = 2*g + 2. Let x = g - 1. Suppose x = 2*t - 2*k - 12, -3*t + 3 = 2*k - 0*k. Calculate y(t).
6
Let r = 8 + -3. Let i(o) = -5*o**3 + 2*o**3 + 4*o**3 - r*o**2 - o + 3*o**2 - 1. Determine i(2).
-3
Let t(i) = -i**3 + 10*i**2 + 2*i - 15. Suppose 0 = 99*x - 97*x - 20. Calculate t(x).
5
Let p be 4 + -2*(-1 - -2). Suppose p*u + 8 - 2 = 0. Let b(m) = -m + 1. Calculate b(u).
4
Let d(j) = -2*j**2 - 7*j - 4. Let p(c) = c**2 + 4*c + 2. Let n(z) = z**3 - 8*z**2 + 2*z - 12. Let m be n(8). Let y(i) = m*d(i) + 7*p(i). Determine y(0).
-2
Let a(l) = -l**2 - 4*l + 1. Let j(m) = m**3 + 2*m**2 - 3*m + 4. Let t be j(-4). Let r = t + 11. What is a(r)?
-4
Let x(u) = 5*u**3 + 4*u**2 + 2*u - 1. Let a(h) = 11*h**3 + 8*h**2 + 5*h - 2. Let b(s) = 4*a(s) - 9*x(s). Let f = 30 - 18. Let v be 3*-1*16/f. What is b(v)?
-7
Let w(x) = 3*x + 1. Let b(j) = j**3 + 7*j**2 - 2*j - 8. Let q be b(-7). Suppose 0 = -4*c + q*c + 6. Calculate w(c).
-8
Let t(d) = -5*d**3 - 5*d**2. Let f(v) = -4*v**3 - 4*v**2 - 1. Let o(z) = -6*f(z) + 5*t(z). Let b be o(0). Let x = b - 4. Let g(m) = m - 1. Calculate g(x).
1
Let r = 11 + -11. Let l(p) be the second derivative of 0*p**2 + 1/3*p**3 - p + r. Determine l(3).
6
Suppose i + 19 = -3*b, 3*i + 2 + 25 = -3*b. Let n(y) = y**2 + y - 5. Give n(i).
7
Let v = 11 + 2. Let l = -9 + v. Let i(x) = -2*x + 5. Give i(l).
-3
Let h(z) = -7*z + 2 - 4 + 1. Let m = 11 - 12. What is h(m)?
6
Let r(i) = i - 4. Let z be 9/36 + (-38)/(-8). Let n(q) = -5 - 5*q + z - 2 + 6*q. Let b be n(5). What is r(b)?
-1
Let t(b) = b + 9. Let r(p) = -1. Let j(u) = -2*r(u) + t(u). Let x be 4/2 + (1 - 8). What is j(x)?
6
Let t(p) be the first derivative of -p**2 + 3*p + 31. Determine t(6).
-9
Let u(k) = -2*k. Let b(d) = d**2 - 2*d - 7. Let i be b(5). Let l be (-46)/i - 3/12. Determine u(l).
12
Let r = 1 - -1. Let n be (20/(-6))/(r/3). Let t(b) = -b - 1. Calculate t(n).
4
Let v = -1 - -7. Suppose -3*f - 12 = v. Let w(b) = -b**3 - 5*b**2 + 8*b + 5. Determine w(f).
-7
Suppose -5 = -0*y - y. Let j(g) be the second derivative of -5*g**3/3 - g**2/2 - g. Let h(f) = 2*f. Let i(q) = 11*h(q) + 2*j(q). Calculate i(y).
8
Let k(a) = -6*a**3 - 2*a**2 - 2*a - 1. Let w(y) = -3*y. Let h be w(1). Let o = h - -1. Let m = 1 + o. What is k(m)?
5
Let v(n) = -5*n. Let u = 14 - 24. Let d = u + 15. Suppose 3*a = -p - 8, -18 = d*a - 2*a + 3*p. Determine v(a).
5
Let w(b) be the first derivative of b**2/2 - 3*b - 35. What is w(-3)?
-6
Let c(p) = p**3 + 5*p**2 - 2*p + 1. Let x(s) = s + 9. Let z be 621/(-45) - (-1)/(-5). Let a be x(z). Calculate c(a).
11
Suppose 0 = -2*z + 2*k - 40, 1 - 36 = 3*z + 2*k. Let m = 21 + z. Let w = -2 + m. Let d(b) = b - 5. Give d(w).
-1
Let d(u) = u**3 + 4*u**2 + u - 1. Let m(n) = -3 + 20*n**2 + n**3 + 5*n - 16*n**2 - 10*n**2. Let i be (-2)/8 - 42/(-8). Let t be m(i). Calculate d(t).
5
Let f(p) be the third derivative of p**5/60 - p**3/6 + 6*p**2. Calculate f(-3).
8
Let f(s) = 0*s**3 + 579*s**2 - 579*s**2 + 1 - s**3. Calculate f(0).
1
Let n(a) = 2*a**2 + 2*a + 2. Let c(t) be the third derivative of -t**5/60 + t**4/12 + t**3/6 + 3*t**2. Let v be c(-1). What is n(v)?
6
Suppose 6*k + 4*f + 12 = 3*k, -3*k - 12 = 3*f. Let z(n) = -7 + 3 - 8*n + 5*n + n. Give z(k).
4
Suppose 4*m - 11 = 4*g - 27, -3*g = 0. Let l be 2 - (2 + m + 3). Let r(u) = -5*u + 9 - 9. What is r(l)?
-5
Let u = -78 - -84. Let f(k) = -k**3 + 7*k**2 - 4*k + 1. Determine f(u).
13
Let w(n) = -2*n + 2. Let b be -1*(-3)/(-6)*-6. Calculate w(b).
-4
Suppose 0 = -2*n - n - 2*y - 19, 0 = -2*n + y - 8. Let k(v) = 7*v**2 + 10*v - 9. Let o(s) = 3*s**2 + 5*s - 4. Let a(l) = -2*k(l) + 5*o(l). Calculate a(n).
-2
Let p(i) = 4*i - 8. Let a(j) = -7*j + 17. Let q(h) = -3*a(h) - 5*p(h). Let w = 1 + -1. Give q(w).
-11
Let y(z) = z - 1. Let p(t) = 1 - t + 3*t - 2. Let h(l) = -6*p(l) + 11*y(l). Determine h(-4).
-1
Let v be -1 - -3 - (1 - 3). Let x(c) = c**3 - c**2 + c. Let u(f) = f**3 + f. Let d(z) = 3*u(z) - 4*x(z). Give d(v).
-4
Let h be -4 - (3 - 5)/2. Let u(r) = -r**2 - 3*r + 4. Let o be u(-3). Let s(f) = o + f + 2*f - 4. Give s(h).
-9
Let y(j) = -j. Suppose 23*i - 22*i + 7 = 0. What is y(i)?
7
Let v(k) = k + 2. Let r(j) = 6*j + 11. Let p(y) = 2*r(y) - 11*v(y). Suppose -4*a = a - 25. Let u(g) = -g. Let x(z) = a*p(z) + 4*u(z). Give x(1).
1
Let j(k) be the first derivative of -1/3*k**3 + 3 + 0*k + 7/2*k**2. Determine j(6).
6
Let z = 1 + -13. Let j be z/(3/(9/(-6))). Let s(o) = o - 11. What is s(j)?
-5
Let s(m) = m**2 - m - 6. Let n = 0 - -9. Suppose 0 = n*d - 11*d. Determine s(d).
-6
Let i be (4/6)/((-7)/((-315)/6)). Let p(f) = -f + 3. Calculate p(i).
-2
Let d(v) = -11*v + 3. Let c(n) = 10*n - 2. Suppose -2*z = -0*z - 14. Let x(j) = z*c(j) + 6*d(j). Calculate x(-3).
-8
Let o(v) = 5*v - 2*v + 1 - 2*v. Let q be -3*(3 + (1 - 3)). Let d = -9 - q. Determine o(d).
-5
Let u(t) = -t**2 + 2*t + 1. Let b(r) = -33*r**2 + 9*r + 3. Let l(n) = -b(n) + 4*u(n). Determine l(1).
29
Let x(v) be the first derivative of -2*v**3/3 - v - 23. Give x(3).
-19
Let x(z) = -z**2 + 2. Let v(g) = -g - 9. Let p be v(-7). What is x(p)?
-2
Suppose 9 + 8 = 17*m. Let y(f) = 10*f**3 + f**2 - f. Calculate y(m).
10
Suppose -q + 17 = -3*g, -g - 2*q 